Give t(a).
-6
Let b(x) be the first derivative of -3*x**2/2 - 10*x + 2069. Give b(-11).
23
Let n(i) = -2*i**2 - 21*i + 10*i + 7 + 0*i**2 + 5*i - 17*i. Give n(-12).
-5
Let d(j) be the first derivative of 11*j**2/2 - 123*j - 2274. What is d(10)?
-13
Let x(v) = 15 - 2*v**2 + 5*v**2 - 4*v**2 + 1 - 18*v + 2*v**2. Calculate x(7).
-61
Suppose 3*s - 3 - 3 = 0. Suppose -4 - 8 = -s*g. Let k(d) = 7 + 6*d**2 - 3 + 88*d - 90*d - d**3. Determine k(g).
-8
Let g(b) = b**2 + 8*b + 10. Let m(d) = -2*d**2 + 16*d - 30. Suppose -2*h = 20*h - 44. Let o be m(h). What is g(o)?
-2
Let g(o) = o**2 + 6*o - 3. Let b(u) = 2*u**2 + 5*u - 4. Let j(i) = 2*b(i) - 3*g(i). Let d(h) = -h**3 - 12*h**2 - 12*h - 4. Let n be d(-11). What is j(n)?
-6
Let u(a) = 3*a**2 - 10*a + 18. Let z(w) = 7*w**2 - 20*w + 49. Let r(i) = -5*u(i) + 2*z(i). Calculate r(6).
32
Let c(o) = o**2 + 49*o + 182. Suppose 7*r - 5*r = 5*q + 22, -4*q = 4*r + 12. Calculate c(q).
2
Let q(l) = 2*l**2 + l + 5. Let v = 142 + -136. Let z be ((-4)/v)/((-8)/(-48)). Calculate q(z).
33
Let v(z) = z**2 - 14*z + 19. Let g be -1 + 6 + 2 + -33. Let j be -4*(91/g + (-1)/(-4)). Give v(j).
6
Let h(m) = -2*m - 117. Let q(t) = 3*t + 189. Let y(a) = -8*h(a) - 5*q(a). Determine y(0).
-9
Suppose -2*q + 6 = 3*h, -q + 5*q - 2*h - 12 = 0. Let c(u) = -5 + 8 + 5*u + 18 - q*u. Determine c(-10).
1
Let a(t) = t**2 - 21*t - 56. Let y be (-11 + -9)/((-4)/(-1) + -4 + -1). What is a(y)?
-76
Let x(c) = -c**3 + 4*c**2 - 2*c + 2. Let m be x(4). Suppose -24 = -53*l + 45*l. Let f(v) = 8*v - 4 - 2 - 7*v - l*v + 0*v. What is f(m)?
6
Let h(l) = 11*l - 14. Suppose -67*a = -5*g - 72*a + 60, 0 = 5*g - 4*a - 6. Determine h(g).
52
Let s(n) = -5*n**2 - 15*n - 7. Let g(f) = -17*f**2 - 45*f - 25. Let q(p) = 3*g(p) - 10*s(p). Calculate q(6).
49
Let c(g) = -4*g**2 - 2348*g - 2349*g - 2 - 2343*g + 7046*g. Suppose -2*w + 7 = 3. Calculate c(w).
-6
Let m(a) = -a**2 + 7*a - 30. Suppose 0 = 6*p - 184 + 142. Calculate m(p).
-30
Let j(p) be the third derivative of -p**5/15 - p**4/24 - p**3/2 - 16*p**2 + 9*p. Give j(-2).
-17
Let j(k) = -k**3 - 4*k**2 + 5*k + 11. Let h(m) be the third derivative of -m**5/30 - 49*m**4/24 + 37*m**3/3 + 197*m**2. Let i be h(-26). Determine j(i).
-9
Suppose 39*b - 42*b = 6. Let d(l) be the second derivative of l**4/12 - l**3/6 - 5*l**2/2 + 2*l - 9. Give d(b).
1
Suppose -2*i = -5*o - 32, -i - 2*i - 5*o - 2 = 0. Let l be (0 + 1)/(i/72). Suppose -11*d + 1 = l. Let v(f) = 14*f**2 + 1. Give v(d).
15
Let a = -18 + 28. Suppose 6*u = u + a. Let q(m) = -2*m - 4 - m + 0*m**u - m**2. Determine q(-4).
-8
Let n(a) = -5*a**2 + 8*a - 7. Suppose 125*b + 165 = 158*b. What is n(b)?
-92
Let q(n) = -n - 2. Suppose 8 = -u - 4*b + 2*b, 0 = 5*u - 3*b + 1. Let c(w) = -2 - 6*w**3 - 2*w + 7*w**3 - w - w**2. Let l be c(u). Give q(l).
6
Let x(f) = -2*f**2 + 2*f**2 - f**2 - 18*f + 19. Suppose y = 3*v + v - 15, -88 = -4*v - 92. Calculate x(y).
0
Let v(m) = m**2 + 5*m - 1. Let z be -2 + 1 + -19 + 0. Suppose 15*p - 30 = 17*p. Let r = z - p. Determine v(r).
-1
Let h(t) = -3*t**2 + 9. Let j(s) = s**3 + 79*s**2 + 164*s + 770. Let y be j(-77). Calculate h(y).
9
Suppose 4 + 4 = 2*d. Suppose 0*k + 28 = -4*k + 4*i, -3*k + d*i = 22. Let w(j) be the first derivative of -j**2/2 - 4*j + 1. Calculate w(k).
2
Let x be 109/7 + 72/(-126). Let h(m) = 14*m - 64. Let o(w) = 9*w - 43. Let u(z) = 5*h(z) - 8*o(z). Give u(x).
-6
Let o(s) = -s**3 - 6*s**2 + 4*s + 14. Let t(r) = -r**2 - 3*r + 20. Let q be t(-5). Suppose q*a + 16 = -44. Give o(a).
-10
Let o(m) = 3*m**2 + 3*m + 5. Suppose -9*v = -13*v. Let f(p) = 6 + v*p - 8*p**2 + 12*p**2 + 4*p. Let c(w) = 6*f(w) - 7*o(w). Determine c(-2).
7
Suppose -2*f - 242 = -3*s - 58, -227 = -4*s - f. Suppose 35*b + s = 64*b. Let c(m) = 8*m - 5. Determine c(b).
11
Let t(s) = 13*s - 104 - 2*s + 306 - 112 + s**2 - 125. Give t(-13).
-9
Let r(d) = -d**2 + 6*d - 3*d + 2*d**2 - 5. Let c be 8 + (-53)/13 + -2*(-6)/156. Calculate r(c).
23
Let y(s) = 2*s + 124. Let z(h) = -8*h - 273. Let j(f) = 9*y(f) + 4*z(f). What is j(6)?
-60
Let r(t) = 2*t + 3. Suppose -5*o = 141 + 1364. Let x = o - -299. Determine r(x).
-1
Suppose -a + 3*d - 4 = 8, 2*a - 21 = -3*d. Suppose 2*c = -v - c + 14, -a*v - 3*c = -66. Suppose v = 16*n - 6. Let s(p) = p**3 + 2*p**2 - 4*p + 3. Give s(n).
11
Let m(y) = -6*y**2 - 113*y + 30. Let g be ((-4)/(-16)*6)/(63/(-798)). Give m(g).
11
Let n be (-1 + -7)*(-3)/(-24)*-6. Let t(v) = -3*v**2 + 40*v - 23. Let q(d) = -d**2 + 14*d - 8. Let r(j) = n*t(j) - 17*q(j). What is r(3)?
-5
Let l be (0 - 0)/(2/(-1) + 1). Suppose l = -7*s - 27 - 22. Let a(p) = p**2 + 7*p - 2. Calculate a(s).
-2
Let l(o) be the third derivative of o**4/6 - o**3/6 + o**2. Suppose -5*h + 4 = -t, 0 = 10*h - 850*t + 845*t + 10. Calculate l(h).
7
Let l(g) = -3*g**3 + 683 + g**2 - 347 + 3*g**2 - 2*g - 339. Give l(3).
-54
Let r(s) be the third derivative of -s**4/12 - 7*s**2 + 2. Let t be 3/(-1) + 3/((-12)/(-16)). Calculate r(t).
-2
Let o(w) be the first derivative of -w**2/2 - 2*w + 4. Let k be ((-9)/(-27))/(1/(-3)). Let i(y) = -y**2 - y - 1. Let z(c) = k*i(c) - o(c). Determine z(-4).
11
Let m(t) = -t**3 + 14*t**2 - 9*t - 21. Let f be 19 + (-13)/(-65) + (-93)/15. What is m(f)?
31
Let l = -1503 + 1516. Let r(n) = n**3 - 14*n**2 + 15*n + 14. What is r(l)?
40
Let w(i) = -i**2 - 9*i + 47. Let g be w(-12). Let b(a) = -16 - g - 17 + 38 - 3*a + a**2 + 0*a**2. What is b(-4)?
22
Let f(q) = -q**2 + 142*q - 152*q - 1 + 20. Suppose -4*m = -3*o - 29, -3*o - 3*m = 278 - 242. Determine f(o).
8
Suppose -6448*h - 84 = -6434*h. Let u(o) = -o**2 + 12*o + 20. Calculate u(h).
-88
Let z(r) = 741*r**3 - 192*r**3 - 174*r**3 - 6*r + 5 - 187*r**3 - 7*r**2 - 189*r**3. Let t be (6/(-4))/(3/(-8)). Suppose 2 + t = -b. Calculate z(b).
5
Let h(n) = -6*n + 11. Let i = -5948 + 5954. Determine h(i).
-25
Let i(z) = 124*z - z**2 - 236*z + 115*z + 12. Give i(5).
2
Let r(y) = 2 - 4 - 1 - 3*y. Suppose -392*k = -390*k - 8. Suppose k*t = 0, 8*a + 3*t = 5*a - 15. Calculate r(a).
12
Let f = -4079 + 4085. Let s(w) = -2*w**2 + 1. Determine s(f).
-71
Let j(m) = 42*m - 321. Let g(a) = -29*a + 157. Let l(n) = 5*g(n) + 3*j(n). What is l(-9)?
-7
Let f(i) = -i**3 + 48*i**2 - 44*i - 135. Let k be f(47). Let z(b) = -5*b + 29. What is z(k)?
-1
Suppose 0 = 33*v - 1228 + 1591. Let t(b) = -b**3 - 10*b**2 + 9*b - 24. Determine t(v).
-2
Let v(l) = l**3 + 4*l**2 - 5*l. Let p be (-1)/(((-2)/55)/2). Let i be (-3070)/(-50) + 49/(-35). Suppose -p*y + i*y = -25. What is v(y)?
0
Let i(v) = -v**3 + 2*v**2 + 12*v + 21. Suppose -1765 = -28*o - 1821. Calculate i(o).
13
Suppose 3*y - 54 = g, 2*y + 4*g = -y + 54. Suppose -r - y = 2. Let z = r + 16. Let v(a) = a**3 + 4*a**2 - a - 1. Give v(z).
3
Let y(w) = -22690 + 45380 - 22683 + 16*w. Give y(-5).
-73
Suppose 0 = -j + m + 5, 0 = 5*j + 20*m - 18*m - 46. Let w(r) be the first derivative of 1/4*r**4 - 3*r**2 + j - 7/3*r**3 - 9*r. Calculate w(8).
7
Let a(k) = k. Let x(s) = -7*s. Suppose 29*p = 30*p + 1. Let b(u) = p*x(u) - 4*a(u). What is b(-1)?
-3
Let v be (5 - 5)*6/(-12). Let a(j) = -j**3 - 2*j**2 + j + 24. What is a(v)?
24
Let r(k) = k**3 + 12*k**2 + 8*k + 19. Let t(f) = 2*f + 20. Let j be t(-7). Let s(d) = -3*d**3 - 35*d**2 - 23*d - 56. Let u(b) = j*s(b) + 17*r(b). What is u(-6)?
-1
Let c(n) = -677241 - 52*n + 677256 + n**2 + 6*n**2. What is c(7)?
-6
Let a = -106 - -132. Suppose -a*j = -20*j - 6. Let m(r) be the first derivative of r**3/3 - 1. Calculate m(j).
1
Let s(z) = -2*z**2 - 2*z + 86. Let q(u) = -u**3 - 5*u**2 - 30*u - 66. Let t be q(-3). Determine s(t).
2
Let z = -69 + 77. Suppose 2*u = 40 + z. Let d(q) = -2*q**2 - 11*q**3 + 21 - 44 + u - q**3. Determine d(1).
-13
Let l(n) = -10*n**3 - 4*n**2 + 14. Let f(k) = -17*k**3 - 8*k**2 + k + 25. Let z(s) = 3*f(s) - 5*l(s). Calculate z(-6).
59
Let a(g) = g. Let x = 3 + -12. Let s be 101/(-4) + 1 + x/(-36). Let j be (9/2)/(-1 - 42/s). Calculate a(j).
6
Let r(i) = -i**2 - 4*i + 8. Let u be 0/(-1) + (27 - 0). Let x be -12 - -2 - 9/(u/(-6)). Determine r(x).
-24
Let c(r) = 5*r**3 + 4*r**2 + 2*r - 8. Let q be c(-3). Let f = q - -103. Let i(y) = y + 10. Let g(s) = 1. Let x(l) = -3*g(l) + i(l). Determine x(f).
-3
Let m(b) = b**2 - 9*b - 9. Let q(s) = 3*s**3 + 9*s**2 - 3*s + 1. Let p be q(-3). Calculate m(p).
1
Let c = 3349 - 3363. Let g(q) = -2*q + 1. Give g(c).
29
Let u(v)